{"id":2,"date":"2025-03-14T16:53:12","date_gmt":"2025-03-14T16:53:12","guid":{"rendered":"https:\/\/sareno.ch\/?page_id=2"},"modified":"2025-03-31T06:58:54","modified_gmt":"2025-03-31T06:58:54","slug":"home","status":"publish","type":"page","link":"https:\/\/sareno.ch\/","title":{"rendered":"AI-Driven-Solutions"},"content":{"rendered":"\r\n<p><br \/>Es freut die Sareno-Handels AG die Zusammenarbeit mit Day-One, einem Anbieter spezialisierter AI-Dienstleistungen bekannt zu geben. Neben unseren bekannten Content Dienstleistungen werden wir in Zukunft dank einem starken Partner auch folgende Produkte anbieten k\u00f6nnen:<\/p>\r\n\r\n\r\n\r\n<h3 class=\"wp-block-heading\"><br \/>Private Chatbot-AI:<\/h3>\r\n\r\n\r\n\r\n<ul class=\"wp-block-list\">\r\n<li>Ma\u00dfgeschneiderte Chatbot-L\u00f6sungen, die auf die spezifischen Bed\u00fcrfnisse von Unternehmen und Organisationen zugeschnitten sind.<\/li>\r\n\r\n\r\n\r\n<li>Fokus auf Datensicherheit und Privatsph\u00e4re, um sensible Informationen zu sch\u00fctzen.<\/li>\r\n\r\n\r\n\r\n<li>Anwendungen in Kundenservice, interner Kommunikation und Wissensmanagement.<\/li>\r\n<\/ul>\r\n\r\n\r\n\r\n<figure class=\"wp-block-image size-large\"><img loading=\"lazy\" decoding=\"async\" width=\"1024\" height=\"576\" class=\"wp-image-10\" src=\"https:\/\/sareno.ch\/wp-content\/uploads\/2025\/03\/chatbotbild-1024x576.jpg\" alt=\"\" srcset=\"https:\/\/sareno.ch\/wp-content\/uploads\/2025\/03\/chatbotbild-1024x576.jpg 1024w, https:\/\/sareno.ch\/wp-content\/uploads\/2025\/03\/chatbotbild-300x169.jpg 300w, https:\/\/sareno.ch\/wp-content\/uploads\/2025\/03\/chatbotbild-768x432.jpg 768w, https:\/\/sareno.ch\/wp-content\/uploads\/2025\/03\/chatbotbild-1536x864.jpg 1536w, https:\/\/sareno.ch\/wp-content\/uploads\/2025\/03\/chatbotbild.jpg 1600w\" sizes=\"auto, (max-width: 1024px) 100vw, 1024px\" \/><\/figure>\r\n\r\n\r\n\r\n<h3 class=\"wp-block-heading\"><br \/>Mobile Apps (iOS &amp; Android)<\/h3>\r\n\r\n\r\n\r\n<ul class=\"wp-block-list\">\r\n<li>Entwicklung benutzerfreundlicher mobiler Apps f\u00fcr verschiedene Anwendungsbereiche.<\/li>\r\n\r\n\r\n\r\n<li>Integration von KI-Funktionen, um personalisierte Erlebnisse und intelligente L\u00f6sungen zu bieten.<\/li>\r\n\r\n\r\n\r\n<li>Umsetzung in Indien, um kosteneffiziente Entwicklung und schnelle Markteinf\u00fchrung zu gew\u00e4hrleisten.<\/li>\r\n<\/ul>\r\n\r\n\r\n\r\n<figure class=\"wp-block-image size-large\"><img loading=\"lazy\" decoding=\"async\" width=\"1024\" height=\"576\" class=\"wp-image-19\" src=\"https:\/\/sareno.ch\/wp-content\/uploads\/2025\/03\/hands-1851218_1280-1-1024x576.jpg\" alt=\"\" srcset=\"https:\/\/sareno.ch\/wp-content\/uploads\/2025\/03\/hands-1851218_1280-1-1024x576.jpg 1024w, https:\/\/sareno.ch\/wp-content\/uploads\/2025\/03\/hands-1851218_1280-1-300x169.jpg 300w, https:\/\/sareno.ch\/wp-content\/uploads\/2025\/03\/hands-1851218_1280-1-768x432.jpg 768w, https:\/\/sareno.ch\/wp-content\/uploads\/2025\/03\/hands-1851218_1280-1.jpg 1280w\" sizes=\"auto, (max-width: 1024px) 100vw, 1024px\" \/><\/figure>\r\n\r\n\r\n\r\n<h3 class=\"wp-block-heading\"><br \/>Computer Vision (The Advice AI):<\/h3>\r\n\r\n\r\n\r\n<p><br \/><a href=\"https:\/\/www.theadvice.ai\/blog\">&#8222;The Advice AI\u201c<\/a> ist eine Computer-Vision-Plattform, die Bildanalyse und k\u00fcnstliche Intelligenz kombiniert. Anwendungsbereiche:<\/p>\r\n\r\n\r\n\r\n<ul class=\"wp-block-list\">\r\n<li>Entwicklung benutzerfreundlicher mobiler Apps f\u00fcr verschiedene Anwendungsbereiche.<\/li>\r\n\r\n\r\n\r\n<li>Integration von KI-Funktionen, um personalisierte Erlebnisse und intelligente L\u00f6sungen zu bieten.<\/li>\r\n\r\n\r\n\r\n<li>Umsetzung in Indien, um kosteneffiziente Entwicklung und schnelle Markteinf\u00fchrung zu gew\u00e4hrleisten.<\/li>\r\n<\/ul>\r\n\r\n\r\n\r\n<figure class=\"wp-block-image size-large\"><img loading=\"lazy\" decoding=\"async\" width=\"1024\" height=\"576\" class=\"wp-image-18\" src=\"https:\/\/sareno.ch\/wp-content\/uploads\/2025\/03\/raven-7547512_1280-1-1024x576.jpg\" alt=\"\" srcset=\"https:\/\/sareno.ch\/wp-content\/uploads\/2025\/03\/raven-7547512_1280-1-1024x576.jpg 1024w, https:\/\/sareno.ch\/wp-content\/uploads\/2025\/03\/raven-7547512_1280-1-300x169.jpg 300w, https:\/\/sareno.ch\/wp-content\/uploads\/2025\/03\/raven-7547512_1280-1-768x432.jpg 768w, https:\/\/sareno.ch\/wp-content\/uploads\/2025\/03\/raven-7547512_1280-1.jpg 1280w\" sizes=\"auto, (max-width: 1024px) 100vw, 1024px\" \/><\/figure>\r\n\r\n\r\n\r\n<h3 class=\"wp-block-heading\">KI-Audit<\/h3>\r\n\r\n\r\n\r\n<ul class=\"wp-block-list\">\r\n<li>Pr\u00fcfung und Bewertung von KI-Systemen auf ethische Richtlinien, Sicherheit und Effizienz.<\/li>\r\n\r\n\r\n\r\n<li>Unterst\u00fctzung von Unternehmen bei der Einhaltung von Vorschriften und der Minimierung von Risiken.<\/li>\r\n<\/ul>\r\n\r\n\r\n\r\n<figure class=\"wp-block-image size-large\"><img loading=\"lazy\" decoding=\"async\" width=\"1024\" height=\"576\" class=\"wp-image-16\" src=\"https:\/\/sareno.ch\/wp-content\/uploads\/2025\/03\/network-2402637_1280-1024x576.jpg\" alt=\"\" srcset=\"https:\/\/sareno.ch\/wp-content\/uploads\/2025\/03\/network-2402637_1280-1024x576.jpg 1024w, https:\/\/sareno.ch\/wp-content\/uploads\/2025\/03\/network-2402637_1280-300x169.jpg 300w, https:\/\/sareno.ch\/wp-content\/uploads\/2025\/03\/network-2402637_1280-768x432.jpg 768w, https:\/\/sareno.ch\/wp-content\/uploads\/2025\/03\/network-2402637_1280.jpg 1280w\" sizes=\"auto, (max-width: 1024px) 100vw, 1024px\" \/><\/figure>\r\n\r\n\r\n\r\n<h3 class=\"wp-block-heading\"><br \/>Umsetzung in Indien<\/h3>\r\n\r\n\r\n\r\n<ul class=\"wp-block-list\">\r\n<li>Die Sareno Handels AG nutzt die Expertise und die Ressourcen in Indien, um kosteneffiziente Entwicklung und hochwertige L\u00f6sungen zu gew\u00e4hrleisten.<\/li>\r\n\r\n\r\n\r\n<li>Dies erm\u00f6glicht es, innovative Produkte und Services zu wettbewerbsf\u00e4higen Preisen anzubieten.<\/li>\r\n\r\n\r\n\r\n<li>Die IT ausgebildeten Fachkr\u00e4fte Indiens, sind ein grosser Vorteil bei der schnellen Produktumsetzung.<\/li>\r\n<\/ul>\r\n\r\n\r\n\r\n<figure class=\"wp-block-image size-full\"><img loading=\"lazy\" decoding=\"async\" width=\"1000\" height=\"562\" class=\"wp-image-15\" src=\"https:\/\/sareno.ch\/wp-content\/uploads\/2025\/03\/lead2.png\" alt=\"\" srcset=\"https:\/\/sareno.ch\/wp-content\/uploads\/2025\/03\/lead2.png 1000w, https:\/\/sareno.ch\/wp-content\/uploads\/2025\/03\/lead2-300x169.png 300w, https:\/\/sareno.ch\/wp-content\/uploads\/2025\/03\/lead2-768x432.png 768w\" sizes=\"auto, (max-width: 1000px) 100vw, 1000px\" \/><\/figure>\r\n\r\n\r\n\r\n<p><br \/>Verf\u00fcgbarkeit f\u00fcr den Schweizer Markt:<\/p>\r\n\r\n\r\n\r\n<ul class=\"wp-block-list\">\r\n<li>Alle Produkte und Dienstleistungen sind f\u00fcr Unternehmen und Organisationen in der Schweiz verf\u00fcgbar.<\/li>\r\n\r\n\r\n\r\n<li>Fokus auf die Einhaltung schweizerischer Datenschutzbestimmungen und die Anpassung an die lokalen Bed\u00fcrfnisse.<\/li>\r\n\r\n\r\n\r\n<li>Partnerschaft mit der Sareno Handels AG.<\/li>\r\n\r\n\r\n\r\n<li>Das Produkt \u201eThe Advice AI\u201c wird speziell auch in der Schweiz vertrieben.<\/li>\r\n<\/ul>\r\n","protected":false},"excerpt":{"rendered":"<p>Es freut die Sareno-Handels AG die Zusammenarbeit mit Day-One, einem Anbieter spezialisierter AI-Dienstleistungen bekannt zu geben. Neben unseren bekannten Content Dienstleistungen werden wir in Zukunft dank einem starken Partner auch folgende Produkte anbieten k\u00f6nnen: Private Chatbot-AI: Mobile Apps (iOS &amp; Android) Computer Vision (The Advice AI): &#8222;The Advice AI\u201c ist eine Computer-Vision-Plattform, die Bildanalyse und [&hellip;]<\/p>\n","protected":false},"author":1,"featured_media":12,"parent":0,"menu_order":0,"comment_status":"closed","ping_status":"open","template":"","meta":{"footnotes":""},"class_list":["post-2","page","type-page","status-publish","has-post-thumbnail","hentry"],"yoast_head":"<!-- This site is optimized with the Yoast SEO plugin v27.4 - https:\/\/yoast.com\/product\/yoast-seo-wordpress\/ -->\n<title>AI-Driven-Solutions - Sareno<\/title>\n<meta name=\"description\" content=\"AI-Advisory, AI-Chatbot, Visual AI, Computer Vision, Mobile Apps, Programmierung in Indien, Angepasst an den Schweizer Markt\" \/>\n<meta name=\"robots\" content=\"index, follow, max-snippet:-1, max-image-preview:large, max-video-preview:-1\" \/>\n<link rel=\"canonical\" href=\"https:\/\/sareno.ch\/\" \/>\n<meta property=\"og:locale\" content=\"de_DE\" \/>\n<meta property=\"og:type\" content=\"article\" \/>\n<meta property=\"og:title\" content=\"AI-Driven-Solutions - Sareno\" \/>\n<meta property=\"og:description\" content=\"AI-Advisory, AI-Chatbot, Visual AI, Computer Vision, Mobile Apps, Programmierung in Indien, Angepasst an den Schweizer Markt\" \/>\n<meta property=\"og:url\" content=\"https:\/\/sareno.ch\/\" \/>\n<meta property=\"og:site_name\" content=\"Sareno\" \/>\n<meta property=\"article:modified_time\" content=\"2025-03-31T06:58:54+00:00\" \/>\n<meta property=\"og:image\" content=\"https:\/\/sareno.ch\/wp-content\/uploads\/2025\/03\/Logo-sareno-ch.png\" \/>\n\t<meta property=\"og:image:width\" content=\"746\" \/>\n\t<meta property=\"og:image:height\" content=\"157\" \/>\n\t<meta property=\"og:image:type\" content=\"image\/png\" \/>\n<meta name=\"twitter:card\" content=\"summary_large_image\" \/>\n<meta name=\"twitter:label1\" content=\"Gesch\u00e4tzte Lesezeit\" \/>\n\t<meta name=\"twitter:data1\" content=\"3\u00a0Minuten\" \/>\n<script type=\"application\/ld+json\" class=\"yoast-schema-graph\">{\"@context\":\"https:\\\/\\\/schema.org\",\"@graph\":[{\"@type\":\"WebPage\",\"@id\":\"https:\\\/\\\/sareno.ch\\\/\",\"url\":\"https:\\\/\\\/sareno.ch\\\/\",\"name\":\"AI-Driven-Solutions - Sareno\",\"isPartOf\":{\"@id\":\"https:\\\/\\\/sareno.ch\\\/#website\"},\"primaryImageOfPage\":{\"@id\":\"https:\\\/\\\/sareno.ch\\\/#primaryimage\"},\"image\":{\"@id\":\"https:\\\/\\\/sareno.ch\\\/#primaryimage\"},\"thumbnailUrl\":\"https:\\\/\\\/sareno.ch\\\/wp-content\\\/uploads\\\/2025\\\/03\\\/Logo-sareno-ch.png\",\"datePublished\":\"2025-03-14T16:53:12+00:00\",\"dateModified\":\"2025-03-31T06:58:54+00:00\",\"description\":\"AI-Advisory, AI-Chatbot, Visual AI, Computer Vision, Mobile Apps, Programmierung in Indien, Angepasst an den Schweizer Markt\",\"breadcrumb\":{\"@id\":\"https:\\\/\\\/sareno.ch\\\/#breadcrumb\"},\"inLanguage\":\"de\",\"potentialAction\":[{\"@type\":\"ReadAction\",\"target\":[\"https:\\\/\\\/sareno.ch\\\/\"]}]},{\"@type\":\"ImageObject\",\"inLanguage\":\"de\",\"@id\":\"https:\\\/\\\/sareno.ch\\\/#primaryimage\",\"url\":\"https:\\\/\\\/sareno.ch\\\/wp-content\\\/uploads\\\/2025\\\/03\\\/Logo-sareno-ch.png\",\"contentUrl\":\"https:\\\/\\\/sareno.ch\\\/wp-content\\\/uploads\\\/2025\\\/03\\\/Logo-sareno-ch.png\",\"width\":746,\"height\":157},{\"@type\":\"BreadcrumbList\",\"@id\":\"https:\\\/\\\/sareno.ch\\\/#breadcrumb\",\"itemListElement\":[{\"@type\":\"ListItem\",\"position\":1,\"name\":\"Startseite\",\"item\":\"https:\\\/\\\/sareno.ch\\\/\"},{\"@type\":\"ListItem\",\"position\":2,\"name\":\"AI-Driven-Solutions\"}]},{\"@type\":\"WebSite\",\"@id\":\"https:\\\/\\\/sareno.ch\\\/#website\",\"url\":\"https:\\\/\\\/sareno.ch\\\/\",\"name\":\"Sareno\",\"description\":\"AI-Driven-Solutions\",\"publisher\":{\"@id\":\"https:\\\/\\\/sareno.ch\\\/#organization\"},\"potentialAction\":[{\"@type\":\"SearchAction\",\"target\":{\"@type\":\"EntryPoint\",\"urlTemplate\":\"https:\\\/\\\/sareno.ch\\\/?s={search_term_string}\"},\"query-input\":{\"@type\":\"PropertyValueSpecification\",\"valueRequired\":true,\"valueName\":\"search_term_string\"}}],\"inLanguage\":\"de\"},{\"@type\":\"Organization\",\"@id\":\"https:\\\/\\\/sareno.ch\\\/#organization\",\"name\":\"Sareno\",\"url\":\"https:\\\/\\\/sareno.ch\\\/\",\"logo\":{\"@type\":\"ImageObject\",\"inLanguage\":\"de\",\"@id\":\"https:\\\/\\\/sareno.ch\\\/#\\\/schema\\\/logo\\\/image\\\/\",\"url\":\"https:\\\/\\\/sareno.ch\\\/wp-content\\\/uploads\\\/2025\\\/03\\\/LOGO-S.png\",\"contentUrl\":\"https:\\\/\\\/sareno.ch\\\/wp-content\\\/uploads\\\/2025\\\/03\\\/LOGO-S.png\",\"width\":81,\"height\":81,\"caption\":\"Sareno\"},\"image\":{\"@id\":\"https:\\\/\\\/sareno.ch\\\/#\\\/schema\\\/logo\\\/image\\\/\"}}]}<\/script>\n<!-- \/ Yoast SEO plugin. -->","yoast_head_json":{"title":"AI-Driven-Solutions - Sareno","description":"AI-Advisory, AI-Chatbot, Visual AI, Computer Vision, Mobile Apps, Programmierung in Indien, Angepasst an den Schweizer Markt","robots":{"index":"index","follow":"follow","max-snippet":"max-snippet:-1","max-image-preview":"max-image-preview:large","max-video-preview":"max-video-preview:-1"},"canonical":"https:\/\/sareno.ch\/","og_locale":"de_DE","og_type":"article","og_title":"AI-Driven-Solutions - Sareno","og_description":"AI-Advisory, AI-Chatbot, Visual AI, Computer Vision, Mobile Apps, Programmierung in Indien, Angepasst an den Schweizer Markt","og_url":"https:\/\/sareno.ch\/","og_site_name":"Sareno","article_modified_time":"2025-03-31T06:58:54+00:00","og_image":[{"width":746,"height":157,"url":"https:\/\/sareno.ch\/wp-content\/uploads\/2025\/03\/Logo-sareno-ch.png","type":"image\/png"}],"twitter_card":"summary_large_image","twitter_misc":{"Gesch\u00e4tzte Lesezeit":"3\u00a0Minuten"},"schema":{"@context":"https:\/\/schema.org","@graph":[{"@type":"WebPage","@id":"https:\/\/sareno.ch\/","url":"https:\/\/sareno.ch\/","name":"AI-Driven-Solutions - Sareno","isPartOf":{"@id":"https:\/\/sareno.ch\/#website"},"primaryImageOfPage":{"@id":"https:\/\/sareno.ch\/#primaryimage"},"image":{"@id":"https:\/\/sareno.ch\/#primaryimage"},"thumbnailUrl":"https:\/\/sareno.ch\/wp-content\/uploads\/2025\/03\/Logo-sareno-ch.png","datePublished":"2025-03-14T16:53:12+00:00","dateModified":"2025-03-31T06:58:54+00:00","description":"AI-Advisory, AI-Chatbot, Visual AI, Computer Vision, Mobile Apps, Programmierung in Indien, Angepasst an den Schweizer Markt","breadcrumb":{"@id":"https:\/\/sareno.ch\/#breadcrumb"},"inLanguage":"de","potentialAction":[{"@type":"ReadAction","target":["https:\/\/sareno.ch\/"]}]},{"@type":"ImageObject","inLanguage":"de","@id":"https:\/\/sareno.ch\/#primaryimage","url":"https:\/\/sareno.ch\/wp-content\/uploads\/2025\/03\/Logo-sareno-ch.png","contentUrl":"https:\/\/sareno.ch\/wp-content\/uploads\/2025\/03\/Logo-sareno-ch.png","width":746,"height":157},{"@type":"BreadcrumbList","@id":"https:\/\/sareno.ch\/#breadcrumb","itemListElement":[{"@type":"ListItem","position":1,"name":"Startseite","item":"https:\/\/sareno.ch\/"},{"@type":"ListItem","position":2,"name":"AI-Driven-Solutions"}]},{"@type":"WebSite","@id":"https:\/\/sareno.ch\/#website","url":"https:\/\/sareno.ch\/","name":"Sareno","description":"AI-Driven-Solutions","publisher":{"@id":"https:\/\/sareno.ch\/#organization"},"potentialAction":[{"@type":"SearchAction","target":{"@type":"EntryPoint","urlTemplate":"https:\/\/sareno.ch\/?s={search_term_string}"},"query-input":{"@type":"PropertyValueSpecification","valueRequired":true,"valueName":"search_term_string"}}],"inLanguage":"de"},{"@type":"Organization","@id":"https:\/\/sareno.ch\/#organization","name":"Sareno","url":"https:\/\/sareno.ch\/","logo":{"@type":"ImageObject","inLanguage":"de","@id":"https:\/\/sareno.ch\/#\/schema\/logo\/image\/","url":"https:\/\/sareno.ch\/wp-content\/uploads\/2025\/03\/LOGO-S.png","contentUrl":"https:\/\/sareno.ch\/wp-content\/uploads\/2025\/03\/LOGO-S.png","width":81,"height":81,"caption":"Sareno"},"image":{"@id":"https:\/\/sareno.ch\/#\/schema\/logo\/image\/"}}]}},"_links":{"self":[{"href":"https:\/\/sareno.ch\/index.php\/wp-json\/wp\/v2\/pages\/2","targetHints":{"allow":["GET"]}}],"collection":[{"href":"https:\/\/sareno.ch\/index.php\/wp-json\/wp\/v2\/pages"}],"about":[{"href":"https:\/\/sareno.ch\/index.php\/wp-json\/wp\/v2\/types\/page"}],"author":[{"embeddable":true,"href":"https:\/\/sareno.ch\/index.php\/wp-json\/wp\/v2\/users\/1"}],"replies":[{"embeddable":true,"href":"https:\/\/sareno.ch\/index.php\/wp-json\/wp\/v2\/comments?post=2"}],"version-history":[{"count":5,"href":"https:\/\/sareno.ch\/index.php\/wp-json\/wp\/v2\/pages\/2\/revisions"}],"predecessor-version":[{"id":75,"href":"https:\/\/sareno.ch\/index.php\/wp-json\/wp\/v2\/pages\/2\/revisions\/75"}],"wp:featuredmedia":[{"embeddable":true,"href":"https:\/\/sareno.ch\/index.php\/wp-json\/wp\/v2\/media\/12"}],"wp:attachment":[{"href":"https:\/\/sareno.ch\/index.php\/wp-json\/wp\/v2\/media?parent=2"}],"curies":[{"name":"wp","href":"https:\/\/api.w.org\/{rel}","templated":true}]}}